{"id":2,"date":"2023-05-17T20:04:30","date_gmt":"2023-05-17T18:04:30","guid":{"rendered":"https:\/\/wp.stkpk.sk\/?page_id=2"},"modified":"2024-07-03T18:44:40","modified_gmt":"2024-07-03T16:44:40","slug":"ukazkova-stranka","status":"publish","type":"page","link":"https:\/\/stkpk.sk\/","title":{"rendered":"Vitajte!"},"content":{"rendered":"\n<p>Stolnotenisov\u00fd klub sa u\u017e takmer 20 rokov venuje preva\u017ene v\u00fdchove stolnotenisovej ml\u00e1de\u017ee v Pezinku. <\/p>\n","protected":false},"excerpt":{"rendered":"<p>Stolnotenisov\u00fd klub sa u\u017e takmer 20 rokov venuje preva\u017ene v\u00fdchove stolnotenisovej ml\u00e1de\u017ee v Pezinku.<\/p>\n","protected":false},"author":1,"featured_media":0,"parent":0,"menu_order":0,"comment_status":"closed","ping_status":"open","template":"","meta":{"_mi_skip_tracking":false},"yoast_head":"<!-- This site is optimized with the Yoast SEO plugin v20.7 - https:\/\/yoast.com\/wordpress\/plugins\/seo\/ -->\n<title>Vitajte! - STK PEZINOK<\/title>\n<meta name=\"robots\" content=\"index, follow, max-snippet:-1, max-image-preview:large, max-video-preview:-1\" \/>\n<link rel=\"canonical\" href=\"https:\/\/stkpk.sk\/\" \/>\n<meta property=\"og:locale\" content=\"sk_SK\" \/>\n<meta property=\"og:type\" content=\"article\" \/>\n<meta property=\"og:title\" content=\"Vitajte! - STK PEZINOK\" \/>\n<meta property=\"og:description\" content=\"Stolnotenisov\u00fd klub sa u\u017e takmer 20 rokov venuje preva\u017ene v\u00fdchove stolnotenisovej ml\u00e1de\u017ee v Pezinku.\" \/>\n<meta property=\"og:url\" content=\"https:\/\/stkpk.sk\/\" \/>\n<meta property=\"og:site_name\" content=\"STK PEZINOK\" \/>\n<meta property=\"article:modified_time\" content=\"2024-07-03T16:44:40+00:00\" \/>\n<meta name=\"twitter:card\" content=\"summary_large_image\" \/>\n<meta name=\"twitter:label1\" content=\"Predpokladan\u00fd \u010das \u010d\u00edtania\" \/>\n\t<meta name=\"twitter:data1\" content=\"1 min\u00fata\" \/>\n<script type=\"application\/ld+json\" class=\"yoast-schema-graph\">{\"@context\":\"https:\/\/schema.org\",\"@graph\":[{\"@type\":\"WebPage\",\"@id\":\"https:\/\/stkpk.sk\/\",\"url\":\"https:\/\/stkpk.sk\/\",\"name\":\"Vitajte! - STK PEZINOK\",\"isPartOf\":{\"@id\":\"https:\/\/stkpk.sk\/#website\"},\"datePublished\":\"2023-05-17T18:04:30+00:00\",\"dateModified\":\"2024-07-03T16:44:40+00:00\",\"breadcrumb\":{\"@id\":\"https:\/\/stkpk.sk\/#breadcrumb\"},\"inLanguage\":\"sk-SK\",\"potentialAction\":[{\"@type\":\"ReadAction\",\"target\":[\"https:\/\/stkpk.sk\/\"]}]},{\"@type\":\"BreadcrumbList\",\"@id\":\"https:\/\/stkpk.sk\/#breadcrumb\",\"itemListElement\":[{\"@type\":\"ListItem\",\"position\":1,\"name\":\"Home\",\"item\":\"https:\/\/stkpk.sk\/\"},{\"@type\":\"ListItem\",\"position\":2,\"name\":\"Vitajte!\"}]},{\"@type\":\"WebSite\",\"@id\":\"https:\/\/stkpk.sk\/#website\",\"url\":\"https:\/\/stkpk.sk\/\",\"name\":\"STK PEZINOK\",\"description\":\"Stolnotenisov\u00fd klub z\u00e1kladnej \u0161koly Na bielenisku Pezinok\",\"potentialAction\":[{\"@type\":\"SearchAction\",\"target\":{\"@type\":\"EntryPoint\",\"urlTemplate\":\"https:\/\/stkpk.sk\/?s={search_term_string}\"},\"query-input\":\"required name=search_term_string\"}],\"inLanguage\":\"sk-SK\"}]}<\/script>\n<!-- \/ Yoast SEO plugin. -->","yoast_head_json":{"title":"Vitajte! - STK PEZINOK","robots":{"index":"index","follow":"follow","max-snippet":"max-snippet:-1","max-image-preview":"max-image-preview:large","max-video-preview":"max-video-preview:-1"},"canonical":"https:\/\/stkpk.sk\/","og_locale":"sk_SK","og_type":"article","og_title":"Vitajte! - STK PEZINOK","og_description":"Stolnotenisov\u00fd klub sa u\u017e takmer 20 rokov venuje preva\u017ene v\u00fdchove stolnotenisovej ml\u00e1de\u017ee v Pezinku.","og_url":"https:\/\/stkpk.sk\/","og_site_name":"STK PEZINOK","article_modified_time":"2024-07-03T16:44:40+00:00","twitter_card":"summary_large_image","twitter_misc":{"Predpokladan\u00fd \u010das \u010d\u00edtania":"1 min\u00fata"},"schema":{"@context":"https:\/\/schema.org","@graph":[{"@type":"WebPage","@id":"https:\/\/stkpk.sk\/","url":"https:\/\/stkpk.sk\/","name":"Vitajte! - STK PEZINOK","isPartOf":{"@id":"https:\/\/stkpk.sk\/#website"},"datePublished":"2023-05-17T18:04:30+00:00","dateModified":"2024-07-03T16:44:40+00:00","breadcrumb":{"@id":"https:\/\/stkpk.sk\/#breadcrumb"},"inLanguage":"sk-SK","potentialAction":[{"@type":"ReadAction","target":["https:\/\/stkpk.sk\/"]}]},{"@type":"BreadcrumbList","@id":"https:\/\/stkpk.sk\/#breadcrumb","itemListElement":[{"@type":"ListItem","position":1,"name":"Home","item":"https:\/\/stkpk.sk\/"},{"@type":"ListItem","position":2,"name":"Vitajte!"}]},{"@type":"WebSite","@id":"https:\/\/stkpk.sk\/#website","url":"https:\/\/stkpk.sk\/","name":"STK PEZINOK","description":"Stolnotenisov\u00fd klub z\u00e1kladnej \u0161koly Na bielenisku Pezinok","potentialAction":[{"@type":"SearchAction","target":{"@type":"EntryPoint","urlTemplate":"https:\/\/stkpk.sk\/?s={search_term_string}"},"query-input":"required name=search_term_string"}],"inLanguage":"sk-SK"}]}},"_links":{"self":[{"href":"https:\/\/stkpk.sk\/index.php?rest_route=\/wp\/v2\/pages\/2"}],"collection":[{"href":"https:\/\/stkpk.sk\/index.php?rest_route=\/wp\/v2\/pages"}],"about":[{"href":"https:\/\/stkpk.sk\/index.php?rest_route=\/wp\/v2\/types\/page"}],"author":[{"embeddable":true,"href":"https:\/\/stkpk.sk\/index.php?rest_route=\/wp\/v2\/users\/1"}],"replies":[{"embeddable":true,"href":"https:\/\/stkpk.sk\/index.php?rest_route=%2Fwp%2Fv2%2Fcomments&post=2"}],"version-history":[{"count":4,"href":"https:\/\/stkpk.sk\/index.php?rest_route=\/wp\/v2\/pages\/2\/revisions"}],"predecessor-version":[{"id":115,"href":"https:\/\/stkpk.sk\/index.php?rest_route=\/wp\/v2\/pages\/2\/revisions\/115"}],"wp:attachment":[{"href":"https:\/\/stkpk.sk\/index.php?rest_route=%2Fwp%2Fv2%2Fmedia&parent=2"}],"curies":[{"name":"wp","href":"https:\/\/api.w.org\/{rel}","templated":true}]}}